{"id":1064,"date":"2015-10-13T19:01:40","date_gmt":"2015-10-13T16:01:40","guid":{"rendered":"http:\/\/aszsa.com.ar\/portal\/?page_id=1064"},"modified":"2015-11-02T18:40:33","modified_gmt":"2015-11-02T15:40:33","slug":"procesos-de-seleccion","status":"publish","type":"page","link":"https:\/\/aszsa.com.ar\/portal\/procesos-de-seleccion\/","title":{"rendered":"Procesos de Seleccion"},"content":{"rendered":"<h3><a href=\"http:\/\/aszsa.com.ar\/portal\/wp-content\/uploads\/2015\/09\/3.3.jpg\"><img loading=\"lazy\" decoding=\"async\" class=\"alignleft size-full wp-image-1196\" src=\"http:\/\/aszsa.com.ar\/portal\/wp-content\/uploads\/2015\/09\/3.3.jpg\" alt=\"3.3\" width=\"815\" height=\"253\" srcset=\"https:\/\/aszsa.com.ar\/portal\/wp-content\/uploads\/2015\/09\/3.3.jpg 815w, https:\/\/aszsa.com.ar\/portal\/wp-content\/uploads\/2015\/09\/3.3-300x93.jpg 300w\" sizes=\"auto, (max-width: 815px) 100vw, 815px\" \/><\/a><\/h3>\n<h3>Proceso Selecci\u00f3n de Personal<\/h3>\n<p>S\u00f3lo la correcta elecci\u00f3n de los colaboradores de una empresa lleva al \u00e9xito de la misma, para ello es indispensable que el proceso de b\u00fasqueda sea llevado a cabo por profesionales. El proceso de b\u00fasqueda debe ser profundo y exhaustivo, en ASZSA Solutions poseemos un proceso completo:<\/p>\n<p><a href=\"http:\/\/aszsa.com.ar\/portal\/wp-content\/uploads\/2015\/09\/3.2.jpg\"><img loading=\"lazy\" decoding=\"async\" class=\"size-full wp-image-1192 aligncenter\" src=\"http:\/\/aszsa.com.ar\/portal\/wp-content\/uploads\/2015\/09\/3.2.jpg\" alt=\"3.2\" width=\"490\" height=\"346\" srcset=\"https:\/\/aszsa.com.ar\/portal\/wp-content\/uploads\/2015\/09\/3.2.jpg 490w, https:\/\/aszsa.com.ar\/portal\/wp-content\/uploads\/2015\/09\/3.2-300x212.jpg 300w\" sizes=\"auto, (max-width: 490px) 100vw, 490px\" \/><\/a><\/p>\n<h3 style=\"text-align: center;\"><b>BENEFICIOS DE EXTERNALIZAR EL PROCESO<\/b><\/h3>\n<ul>\n<li style=\"text-align: center;\">Optimizaci\u00f3n de tiempos<\/li>\n<li style=\"text-align: center;\">Reducci\u00f3n de costos operativos<\/li>\n<li style=\"text-align: center;\">Efectividad respecto al perfil del ingresante<\/li>\n<li style=\"text-align: center;\">Profesionalizaci\u00f3n de la b\u00fasqueda del personal<\/li>\n<li style=\"text-align: center;\">Selecci\u00f3n objetiva<\/li>\n<li style=\"text-align: center;\">Garant\u00eda de reemplazo<\/li>\n<\/ul>\n<p>Externalizar el proceso de b\u00fasqueda y selecci\u00f3n de personal ofrece m\u00faltiples beneficios para las empresas, m\u00e1s all\u00e1 de que la misma posea o no, un departamento de recursos humanos. Las ventajas de una mirada externa o de buscar una soluci\u00f3n fuera de la empresa, radica en dejar el asunto en manos de profesionales del \u00e1rea, optimizando de este modo el tiempo del personal interno en otros asuntos inherentes a la organizaci\u00f3n. Es importante llevar adelante dicho proceso de manera cooperativa desde sus comienzos, optimizar los canales de comunicaci\u00f3n\u00a0 y de este modo alcanzar el feed back necesario que permitir\u00e1 reclutar al candidato ideal.<\/p>\n<p>&nbsp;<\/p>\n","protected":false},"excerpt":{"rendered":"<p>Proceso Selecci\u00f3n de Personal S\u00f3lo la correcta elecci\u00f3n de los colaboradores de una empresa lleva al \u00e9xito de la misma, para ello es indispensable que el proceso de b\u00fasqueda sea llevado a cabo por profesionales. El proceso de b\u00fasqueda debe ser profundo y exhaustivo, en ASZSA Solutions poseemos un proceso completo: BENEFICIOS DE EXTERNALIZAR EL [&hellip;]<\/p>\n","protected":false},"author":3,"featured_media":0,"parent":0,"menu_order":0,"comment_status":"closed","ping_status":"closed","template":"","meta":{"footnotes":""},"categories":[21],"tags":[],"class_list":["post-1064","page","type-page","status-publish","hentry","category-servicios-de-rrhh"],"_links":{"self":[{"href":"https:\/\/aszsa.com.ar\/portal\/wp-json\/wp\/v2\/pages\/1064","targetHints":{"allow":["GET"]}}],"collection":[{"href":"https:\/\/aszsa.com.ar\/portal\/wp-json\/wp\/v2\/pages"}],"about":[{"href":"https:\/\/aszsa.com.ar\/portal\/wp-json\/wp\/v2\/types\/page"}],"author":[{"embeddable":true,"href":"https:\/\/aszsa.com.ar\/portal\/wp-json\/wp\/v2\/users\/3"}],"replies":[{"embeddable":true,"href":"https:\/\/aszsa.com.ar\/portal\/wp-json\/wp\/v2\/comments?post=1064"}],"version-history":[{"count":3,"href":"https:\/\/aszsa.com.ar\/portal\/wp-json\/wp\/v2\/pages\/1064\/revisions"}],"predecessor-version":[{"id":1208,"href":"https:\/\/aszsa.com.ar\/portal\/wp-json\/wp\/v2\/pages\/1064\/revisions\/1208"}],"wp:attachment":[{"href":"https:\/\/aszsa.com.ar\/portal\/wp-json\/wp\/v2\/media?parent=1064"}],"wp:term":[{"taxonomy":"category","embeddable":true,"href":"https:\/\/aszsa.com.ar\/portal\/wp-json\/wp\/v2\/categories?post=1064"},{"taxonomy":"post_tag","embeddable":true,"href":"https:\/\/aszsa.com.ar\/portal\/wp-json\/wp\/v2\/tags?post=1064"}],"curies":[{"name":"wp","href":"https:\/\/api.w.org\/{rel}","templated":true}]}}