{"id":581,"date":"2015-09-07T01:54:17","date_gmt":"2015-09-06T22:54:17","guid":{"rendered":"http:\/\/aszsa.com.ar\/portal\/?page_id=581"},"modified":"2016-03-08T07:14:16","modified_gmt":"2016-03-08T04:14:16","slug":"sobre-nosotros","status":"publish","type":"page","link":"https:\/\/aszsa.com.ar\/portal\/sobre-nosotros\/","title":{"rendered":"Sobre Nosotros"},"content":{"rendered":"<h4 style=\"text-align: center;\"><img loading=\"lazy\" decoding=\"async\" class=\"alignleft wp-image-1050 size-full\" src=\"http:\/\/aszsa.com.ar\/portal\/wp-content\/uploads\/2015\/09\/1.1.1_Nosotros_Organizacion-Banner.jpg\" alt=\"1.1.1_Nosotros_Organizacion Banner\" width=\"990\" height=\"304\" srcset=\"https:\/\/aszsa.com.ar\/portal\/wp-content\/uploads\/2015\/09\/1.1.1_Nosotros_Organizacion-Banner.jpg 990w, https:\/\/aszsa.com.ar\/portal\/wp-content\/uploads\/2015\/09\/1.1.1_Nosotros_Organizacion-Banner-300x92.jpg 300w\" sizes=\"auto, (max-width: 990px) 100vw, 990px\" \/><\/h4>\n<h4 style=\"text-align: center;\"><span style=\"color: #003366;\">\u00abEN EL MUNDO DE LAS SERVICIOS INDUSTRIALES, EL CONCEPTO DE REQUERIMIENTOS BASICOS EST\u00c1 LLEGANDO A SU FIN. LOS CLIENTES HOY QUIEREN SER \u00daNICOS Y TENER ACCESO A PRODUCTOS DE ALTA CALIDAD Y BAJOS COSTOS QUE LOS AYUDEN A DESTACARSE EN SUS SEGMENTOS\u201d<\/span><\/h4>\n<p><span style=\"color: #003366;\">ASZSA trabaja para ser el proveedor l\u00edder en el mundo de los servicios industriales integrales. Nos hemos comprometido a ser el socio m\u00e1s innovador y confiable, el que ofrezca mayor capacidad de respuesta y facilite\u00a0soluciones sostenibles para la industria.<\/span><br \/>\n<span style=\"color: #003366;\"> Aspiramos a crear valor para nuestros clientes ofreci\u00e9ndoles \u201cThe Best Strategy\u201d, esto es,\u00a0la soluci\u00f3n hecha a medida que responda exactamente a sus necesidades. Para ello,\u00a0proponemos sistemas de producci\u00f3n flexibles confiables que pueden adaptarse f\u00e1cilmente a las evoluciones del mercado y a la tecnolog\u00eda\u00a0del futuro, basadas en el valor agregado de nuestros servicios.<\/span><\/p>\n<p><span style=\"color: #003366;\">Explore los enlaces a la derecha para conocer m\u00e1s acerca de qui\u00e9nes somos y qu\u00e9 podemos ofrecer a su empresa.<\/span><\/p>\n<p><a href=\"http:\/\/aszsa.com.ar\/portal\/historia\/\" rel=\"attachment wp-att-1350\"><img loading=\"lazy\" decoding=\"async\" class=\"alignleft size-full wp-image-1350\" src=\"http:\/\/aszsa.com.ar\/portal\/wp-content\/uploads\/2015\/09\/botonnuestrahistoria.jpg\" alt=\"botonnuestrahistoria\" width=\"381\" height=\"196\" srcset=\"https:\/\/aszsa.com.ar\/portal\/wp-content\/uploads\/2015\/09\/botonnuestrahistoria.jpg 381w, https:\/\/aszsa.com.ar\/portal\/wp-content\/uploads\/2015\/09\/botonnuestrahistoria-300x154.jpg 300w, https:\/\/aszsa.com.ar\/portal\/wp-content\/uploads\/2015\/09\/botonnuestrahistoria-380x196.jpg 380w\" sizes=\"auto, (max-width: 381px) 100vw, 381px\" \/><\/a> <a href=\"http:\/\/aszsa.com.ar\/portal\/nuestro-compromiso\/\" rel=\"attachment wp-att-1351\"><img loading=\"lazy\" decoding=\"async\" class=\"alignleft size-full wp-image-1351\" src=\"http:\/\/aszsa.com.ar\/portal\/wp-content\/uploads\/2015\/09\/botonnuestrocompromiso.jpg\" alt=\"botonnuestrocompromiso\" width=\"381\" height=\"196\" srcset=\"https:\/\/aszsa.com.ar\/portal\/wp-content\/uploads\/2015\/09\/botonnuestrocompromiso.jpg 381w, https:\/\/aszsa.com.ar\/portal\/wp-content\/uploads\/2015\/09\/botonnuestrocompromiso-300x154.jpg 300w, https:\/\/aszsa.com.ar\/portal\/wp-content\/uploads\/2015\/09\/botonnuestrocompromiso-380x196.jpg 380w\" sizes=\"auto, (max-width: 381px) 100vw, 381px\" \/><\/a> <a href=\"http:\/\/aszsa.com.ar\/portal\/social-sociedad\/\" rel=\"attachment wp-att-1352\"><img loading=\"lazy\" decoding=\"async\" class=\"alignleft size-full wp-image-1352\" src=\"http:\/\/aszsa.com.ar\/portal\/wp-content\/uploads\/2015\/09\/botonsocialsociedad.jpg\" alt=\"botonsocialsociedad\" width=\"381\" height=\"196\" srcset=\"https:\/\/aszsa.com.ar\/portal\/wp-content\/uploads\/2015\/09\/botonsocialsociedad.jpg 381w, https:\/\/aszsa.com.ar\/portal\/wp-content\/uploads\/2015\/09\/botonsocialsociedad-300x154.jpg 300w, https:\/\/aszsa.com.ar\/portal\/wp-content\/uploads\/2015\/09\/botonsocialsociedad-380x196.jpg 380w\" sizes=\"auto, (max-width: 381px) 100vw, 381px\" \/><\/a> <a href=\"http:\/\/aszsa.com.ar\/portal\/sobre-nosotros\/sostenibilidad\/\" rel=\"attachment wp-att-1353\"><img loading=\"lazy\" decoding=\"async\" class=\"alignleft wp-image-1353 size-full\" src=\"http:\/\/aszsa.com.ar\/portal\/wp-content\/uploads\/2015\/09\/botonsostenibilidad.jpg\" alt=\"botonsostenibilidad\" width=\"381\" height=\"196\" srcset=\"https:\/\/aszsa.com.ar\/portal\/wp-content\/uploads\/2015\/09\/botonsostenibilidad.jpg 381w, https:\/\/aszsa.com.ar\/portal\/wp-content\/uploads\/2015\/09\/botonsostenibilidad-300x154.jpg 300w, https:\/\/aszsa.com.ar\/portal\/wp-content\/uploads\/2015\/09\/botonsostenibilidad-380x196.jpg 380w\" sizes=\"auto, (max-width: 381px) 100vw, 381px\" \/><\/a><\/p>\n","protected":false},"excerpt":{"rendered":"<p>\u00abEN EL MUNDO DE LAS SERVICIOS INDUSTRIALES, EL CONCEPTO DE REQUERIMIENTOS BASICOS EST\u00c1 LLEGANDO A SU FIN. LOS CLIENTES HOY QUIEREN SER \u00daNICOS Y TENER ACCESO A PRODUCTOS DE ALTA CALIDAD Y BAJOS COSTOS QUE LOS AYUDEN A DESTACARSE EN SUS SEGMENTOS\u201d ASZSA trabaja para ser el proveedor l\u00edder en el mundo de los servicios [&hellip;]<\/p>\n","protected":false},"author":3,"featured_media":0,"parent":0,"menu_order":0,"comment_status":"closed","ping_status":"closed","template":"","meta":{"footnotes":""},"categories":[22,19],"tags":[],"class_list":["post-581","page","type-page","status-publish","hentry","category-servicios-de-hsma","category-sobre-nosotros"],"_links":{"self":[{"href":"https:\/\/aszsa.com.ar\/portal\/wp-json\/wp\/v2\/pages\/581","targetHints":{"allow":["GET"]}}],"collection":[{"href":"https:\/\/aszsa.com.ar\/portal\/wp-json\/wp\/v2\/pages"}],"about":[{"href":"https:\/\/aszsa.com.ar\/portal\/wp-json\/wp\/v2\/types\/page"}],"author":[{"embeddable":true,"href":"https:\/\/aszsa.com.ar\/portal\/wp-json\/wp\/v2\/users\/3"}],"replies":[{"embeddable":true,"href":"https:\/\/aszsa.com.ar\/portal\/wp-json\/wp\/v2\/comments?post=581"}],"version-history":[{"count":14,"href":"https:\/\/aszsa.com.ar\/portal\/wp-json\/wp\/v2\/pages\/581\/revisions"}],"predecessor-version":[{"id":1354,"href":"https:\/\/aszsa.com.ar\/portal\/wp-json\/wp\/v2\/pages\/581\/revisions\/1354"}],"wp:attachment":[{"href":"https:\/\/aszsa.com.ar\/portal\/wp-json\/wp\/v2\/media?parent=581"}],"wp:term":[{"taxonomy":"category","embeddable":true,"href":"https:\/\/aszsa.com.ar\/portal\/wp-json\/wp\/v2\/categories?post=581"},{"taxonomy":"post_tag","embeddable":true,"href":"https:\/\/aszsa.com.ar\/portal\/wp-json\/wp\/v2\/tags?post=581"}],"curies":[{"name":"wp","href":"https:\/\/api.w.org\/{rel}","templated":true}]}}