{"id":613,"date":"2015-09-07T02:00:54","date_gmt":"2015-09-06T23:00:54","guid":{"rendered":"http:\/\/aszsa.com.ar\/portal\/?page_id=613"},"modified":"2015-10-29T20:39:10","modified_gmt":"2015-10-29T17:39:10","slug":"reemplazos-inteligentes","status":"publish","type":"page","link":"https:\/\/aszsa.com.ar\/portal\/reemplazos-inteligentes\/","title":{"rendered":"Reemplazos Inteligentes"},"content":{"rendered":"<h3>DISPONIBILIDAD ADELANTADA<\/h3>\n<p><a href=\"http:\/\/aszsa.com.ar\/portal\/wp-content\/uploads\/2015\/09\/2.4.jpg\"><img loading=\"lazy\" decoding=\"async\" class=\"alignleft size-full wp-image-1131\" src=\"http:\/\/aszsa.com.ar\/portal\/wp-content\/uploads\/2015\/09\/2.4.jpg\" alt=\"2.4\" width=\"815\" height=\"251\" srcset=\"https:\/\/aszsa.com.ar\/portal\/wp-content\/uploads\/2015\/09\/2.4.jpg 815w, https:\/\/aszsa.com.ar\/portal\/wp-content\/uploads\/2015\/09\/2.4-300x92.jpg 300w\" sizes=\"auto, (max-width: 815px) 100vw, 815px\" \/><\/a>Ofrecemos a todos nuestros clientes una tasa m\u00e1xima de disponibilidad para piezas fundamentales desde el punto de vista estrat\u00e9gico, adem\u00e1s de una lista \u201cinteligente\u201d y personalizada de repuestos que se actualiza peri\u00f3dicamente para reflejar el historial de sus necesidades y la evoluci\u00f3n de estos.<\/p>\n<h4><strong><br \/>\n<\/strong>REPUESTOS FUNDAMENTALES SIEMPRE A MANO<\/h4>\n<p>Nuestro sistema inteligente de gesti\u00f3n de repuestos, integrado a su propia gesti\u00f3n de existencia, le suministra repuestos preconfigurados y ensayados para todos sus equipos. Se asegura de que los componentes m\u00e1s cr\u00edticos est\u00e9n siempre en existencia para evitar tiempos de inactividad. Y si no se puede esperar a que lleguen los nuevos repuestos, con gusto nuestros expertos le sugerir\u00e1n soluciones alternativas como kits de reparaci\u00f3n, intercambios est\u00e1ndar o la renovaci\u00f3n de alg\u00fan subconjunto.<\/p>\n","protected":false},"excerpt":{"rendered":"<p>DISPONIBILIDAD ADELANTADA Ofrecemos a todos nuestros clientes una tasa m\u00e1xima de disponibilidad para piezas fundamentales desde el punto de vista estrat\u00e9gico, adem\u00e1s de una lista \u201cinteligente\u201d y personalizada de repuestos que se actualiza peri\u00f3dicamente para reflejar el historial de sus necesidades y la evoluci\u00f3n de estos. REPUESTOS FUNDAMENTALES SIEMPRE A MANO Nuestro sistema inteligente de [&hellip;]<\/p>\n","protected":false},"author":3,"featured_media":0,"parent":0,"menu_order":0,"comment_status":"closed","ping_status":"closed","template":"","meta":{"footnotes":""},"categories":[20],"tags":[],"class_list":["post-613","page","type-page","status-publish","hentry","category-servicios-de-mto"],"_links":{"self":[{"href":"https:\/\/aszsa.com.ar\/portal\/wp-json\/wp\/v2\/pages\/613","targetHints":{"allow":["GET"]}}],"collection":[{"href":"https:\/\/aszsa.com.ar\/portal\/wp-json\/wp\/v2\/pages"}],"about":[{"href":"https:\/\/aszsa.com.ar\/portal\/wp-json\/wp\/v2\/types\/page"}],"author":[{"embeddable":true,"href":"https:\/\/aszsa.com.ar\/portal\/wp-json\/wp\/v2\/users\/3"}],"replies":[{"embeddable":true,"href":"https:\/\/aszsa.com.ar\/portal\/wp-json\/wp\/v2\/comments?post=613"}],"version-history":[{"count":6,"href":"https:\/\/aszsa.com.ar\/portal\/wp-json\/wp\/v2\/pages\/613\/revisions"}],"predecessor-version":[{"id":1160,"href":"https:\/\/aszsa.com.ar\/portal\/wp-json\/wp\/v2\/pages\/613\/revisions\/1160"}],"wp:attachment":[{"href":"https:\/\/aszsa.com.ar\/portal\/wp-json\/wp\/v2\/media?parent=613"}],"wp:term":[{"taxonomy":"category","embeddable":true,"href":"https:\/\/aszsa.com.ar\/portal\/wp-json\/wp\/v2\/categories?post=613"},{"taxonomy":"post_tag","embeddable":true,"href":"https:\/\/aszsa.com.ar\/portal\/wp-json\/wp\/v2\/tags?post=613"}],"curies":[{"name":"wp","href":"https:\/\/api.w.org\/{rel}","templated":true}]}}