{"id":619,"date":"2015-09-07T02:01:48","date_gmt":"2015-09-06T23:01:48","guid":{"rendered":"http:\/\/aszsa.com.ar\/portal\/?page_id=619"},"modified":"2015-10-29T20:52:32","modified_gmt":"2015-10-29T17:52:32","slug":"propuestas-de-mejora","status":"publish","type":"page","link":"https:\/\/aszsa.com.ar\/portal\/propuestas-de-mejora\/","title":{"rendered":"Propuestas de Mejora"},"content":{"rendered":"<h3>AGREGADOS QUE SUMAN VALOR A SU EMPRESA<\/h3>\n<p><a href=\"http:\/\/aszsa.com.ar\/portal\/wp-content\/uploads\/2015\/09\/2.8.jpg\"><img loading=\"lazy\" decoding=\"async\" class=\"alignleft size-full wp-image-1135\" src=\"http:\/\/aszsa.com.ar\/portal\/wp-content\/uploads\/2015\/09\/2.8.jpg\" alt=\"2.8\" width=\"815\" height=\"250\" srcset=\"https:\/\/aszsa.com.ar\/portal\/wp-content\/uploads\/2015\/09\/2.8.jpg 815w, https:\/\/aszsa.com.ar\/portal\/wp-content\/uploads\/2015\/09\/2.8-300x92.jpg 300w\" sizes=\"auto, (max-width: 815px) 100vw, 815px\" \/><\/a>Para mantener sus equipos actualizados a trav\u00e9s del tiempo, nuestras propuestas y mejoras (P&amp;M) aportan los beneficios de las m\u00e1s recientes tecnolog\u00edas para l\u00edneas existentes.\u00a0Estas acciones pueden resultar en un aumento del tiempo de funcionamiento, una reducci\u00f3n en los costos y una mayor flexibilidad global de la producci\u00f3n.<\/p>\n<ul>\n<li><b> Propuestas:<\/b>nuevas funciones para optimizar la flexibilidad y los costos.<\/li>\n<li><b> Mejoras:<\/b>nuevas tecnolog\u00edas para mejorar el rendimiento, la seguridad, la funcionalidad, la higiene y el ahorro de energ\u00eda.<\/li>\n<\/ul>\n<p><b>\u00a0<\/b><b>Una soluci\u00f3n para cada necesidad<\/b><\/p>\n<p>En total, ofrecemos m\u00e1s de\u00a0una alternativa de propuestas y mejoras\u00a0para cada etapa del proceso de producci\u00f3n u otros, para satisfacer mejor las necesidades de nuestros clientes.<\/p>\n","protected":false},"excerpt":{"rendered":"<p>AGREGADOS QUE SUMAN VALOR A SU EMPRESA Para mantener sus equipos actualizados a trav\u00e9s del tiempo, nuestras propuestas y mejoras (P&amp;M) aportan los beneficios de las m\u00e1s recientes tecnolog\u00edas para l\u00edneas existentes.\u00a0Estas acciones pueden resultar en un aumento del tiempo de funcionamiento, una reducci\u00f3n en los costos y una mayor flexibilidad global de la producci\u00f3n. [&hellip;]<\/p>\n","protected":false},"author":3,"featured_media":0,"parent":0,"menu_order":0,"comment_status":"closed","ping_status":"closed","template":"","meta":{"footnotes":""},"categories":[20],"tags":[],"class_list":["post-619","page","type-page","status-publish","hentry","category-servicios-de-mto"],"_links":{"self":[{"href":"https:\/\/aszsa.com.ar\/portal\/wp-json\/wp\/v2\/pages\/619","targetHints":{"allow":["GET"]}}],"collection":[{"href":"https:\/\/aszsa.com.ar\/portal\/wp-json\/wp\/v2\/pages"}],"about":[{"href":"https:\/\/aszsa.com.ar\/portal\/wp-json\/wp\/v2\/types\/page"}],"author":[{"embeddable":true,"href":"https:\/\/aszsa.com.ar\/portal\/wp-json\/wp\/v2\/users\/3"}],"replies":[{"embeddable":true,"href":"https:\/\/aszsa.com.ar\/portal\/wp-json\/wp\/v2\/comments?post=619"}],"version-history":[{"count":3,"href":"https:\/\/aszsa.com.ar\/portal\/wp-json\/wp\/v2\/pages\/619\/revisions"}],"predecessor-version":[{"id":1167,"href":"https:\/\/aszsa.com.ar\/portal\/wp-json\/wp\/v2\/pages\/619\/revisions\/1167"}],"wp:attachment":[{"href":"https:\/\/aszsa.com.ar\/portal\/wp-json\/wp\/v2\/media?parent=619"}],"wp:term":[{"taxonomy":"category","embeddable":true,"href":"https:\/\/aszsa.com.ar\/portal\/wp-json\/wp\/v2\/categories?post=619"},{"taxonomy":"post_tag","embeddable":true,"href":"https:\/\/aszsa.com.ar\/portal\/wp-json\/wp\/v2\/tags?post=619"}],"curies":[{"name":"wp","href":"https:\/\/api.w.org\/{rel}","templated":true}]}}