{"id":627,"date":"2015-09-07T02:02:49","date_gmt":"2015-09-06T23:02:49","guid":{"rendered":"http:\/\/aszsa.com.ar\/portal\/?page_id=627"},"modified":"2015-10-29T21:13:58","modified_gmt":"2015-10-29T18:13:58","slug":"asistencia-tecnica-y-en-el-sitio","status":"publish","type":"page","link":"https:\/\/aszsa.com.ar\/portal\/asistencia-tecnica-y-en-el-sitio\/","title":{"rendered":"Asistencia t\u00e9cnica y en el sitio"},"content":{"rendered":"<h3>ESTAMOS CERCA DE USTED EN TODO MOMENTO<\/h3>\n<p><a href=\"http:\/\/aszsa.com.ar\/portal\/wp-content\/uploads\/2015\/09\/2.14.jpg\"><img loading=\"lazy\" decoding=\"async\" class=\"alignleft size-full wp-image-1141\" src=\"http:\/\/aszsa.com.ar\/portal\/wp-content\/uploads\/2015\/09\/2.14.jpg\" alt=\"2.14\" width=\"815\" height=\"250\" srcset=\"https:\/\/aszsa.com.ar\/portal\/wp-content\/uploads\/2015\/09\/2.14.jpg 815w, https:\/\/aszsa.com.ar\/portal\/wp-content\/uploads\/2015\/09\/2.14-300x92.jpg 300w\" sizes=\"auto, (max-width: 815px) 100vw, 815px\" \/><\/a>No importa cu\u00e1ndo ni d\u00f3nde nos necesite: usted puede contar con que ASZSA estar\u00e1 all\u00ed con la asistencia que usted requiere para lograr sus objetivos y con un enfoque proactivo para reducir costosos periodos de inactividad. Nuestra asistencia especializada al cliente incluye:<\/p>\n<ul>\n<li>una respuesta r\u00e1pida de asistencia t\u00e9cnica;<\/li>\n<li>asistencia telef\u00f3nica de emergencia;<\/li>\n<li>servicio de campo en el sitio, en su planta.<\/li>\n<\/ul>\n","protected":false},"excerpt":{"rendered":"<p>ESTAMOS CERCA DE USTED EN TODO MOMENTO No importa cu\u00e1ndo ni d\u00f3nde nos necesite: usted puede contar con que ASZSA estar\u00e1 all\u00ed con la asistencia que usted requiere para lograr sus objetivos y con un enfoque proactivo para reducir costosos periodos de inactividad. Nuestra asistencia especializada al cliente incluye: una respuesta r\u00e1pida de asistencia t\u00e9cnica; [&hellip;]<\/p>\n","protected":false},"author":3,"featured_media":0,"parent":0,"menu_order":0,"comment_status":"closed","ping_status":"closed","template":"","meta":{"footnotes":""},"categories":[20],"tags":[],"class_list":["post-627","page","type-page","status-publish","hentry","category-servicios-de-mto"],"_links":{"self":[{"href":"https:\/\/aszsa.com.ar\/portal\/wp-json\/wp\/v2\/pages\/627","targetHints":{"allow":["GET"]}}],"collection":[{"href":"https:\/\/aszsa.com.ar\/portal\/wp-json\/wp\/v2\/pages"}],"about":[{"href":"https:\/\/aszsa.com.ar\/portal\/wp-json\/wp\/v2\/types\/page"}],"author":[{"embeddable":true,"href":"https:\/\/aszsa.com.ar\/portal\/wp-json\/wp\/v2\/users\/3"}],"replies":[{"embeddable":true,"href":"https:\/\/aszsa.com.ar\/portal\/wp-json\/wp\/v2\/comments?post=627"}],"version-history":[{"count":4,"href":"https:\/\/aszsa.com.ar\/portal\/wp-json\/wp\/v2\/pages\/627\/revisions"}],"predecessor-version":[{"id":1178,"href":"https:\/\/aszsa.com.ar\/portal\/wp-json\/wp\/v2\/pages\/627\/revisions\/1178"}],"wp:attachment":[{"href":"https:\/\/aszsa.com.ar\/portal\/wp-json\/wp\/v2\/media?parent=627"}],"wp:term":[{"taxonomy":"category","embeddable":true,"href":"https:\/\/aszsa.com.ar\/portal\/wp-json\/wp\/v2\/categories?post=627"},{"taxonomy":"post_tag","embeddable":true,"href":"https:\/\/aszsa.com.ar\/portal\/wp-json\/wp\/v2\/tags?post=627"}],"curies":[{"name":"wp","href":"https:\/\/api.w.org\/{rel}","templated":true}]}}