{"id":633,"date":"2015-09-07T02:05:06","date_gmt":"2015-09-06T23:05:06","guid":{"rendered":"http:\/\/aszsa.com.ar\/portal\/?page_id=633"},"modified":"2016-03-08T07:42:06","modified_gmt":"2016-03-08T04:42:06","slug":"un-poquito-mas-rrhh","status":"publish","type":"page","link":"https:\/\/aszsa.com.ar\/portal\/un-poquito-mas-rrhh\/","title":{"rendered":"Un Poquito M\u00e1s (RRHH)"},"content":{"rendered":"<pre><img loading=\"lazy\" decoding=\"async\" class=\"wp-image-932 size-full aligncenter\" src=\"http:\/\/aszsa.com.ar\/portal\/wp-content\/uploads\/2015\/09\/2.0_Portada-Un-Poquito-M\u00e1s.jpg\" alt=\"2.0_Portada Un Poquito M\u00e1s\" width=\"1559\" height=\"850\" srcset=\"https:\/\/aszsa.com.ar\/portal\/wp-content\/uploads\/2015\/09\/2.0_Portada-Un-Poquito-M\u00e1s.jpg 1559w, https:\/\/aszsa.com.ar\/portal\/wp-content\/uploads\/2015\/09\/2.0_Portada-Un-Poquito-M\u00e1s-300x164.jpg 300w, https:\/\/aszsa.com.ar\/portal\/wp-content\/uploads\/2015\/09\/2.0_Portada-Un-Poquito-M\u00e1s-1024x558.jpg 1024w\" sizes=\"auto, (max-width: 1559px) 100vw, 1559px\" \/><\/pre>\n<h3>SATISFACER SUS NECESIDADES CON UN POQUITO MAS DE VALOR<\/h3>\n<p>De manera individual, cada uno de nuestros servicios le ofrece un poquito m\u00e1s; de manera conjunta, nuestra gama puede aumentar el valor de su producci\u00f3n.<\/p>\n<p>Valor agregado con cada servicio<\/p>\n<p>En ASZSA comprendemos la gran cantidad de desaf\u00edos que presenta el mercado y queremos ayudarlo a enfrentarlos. Podemos agregar un poquito m\u00e1s de valor a sus equipos instalados, sus productos y sus resultados.<\/p>\n<p>Con cada servicio, le podemos dar un poquito m\u00e1s:<\/p>\n<ul>\n<li>Calidad de Producto<\/li>\n<li>Eficiencia<\/li>\n<li>Flexibilidad<\/li>\n<li>Optimizaci\u00f3n de los costos<\/li>\n<li>Apoyo a la marca<\/li>\n<\/ul>\n<p><a href=\"http:\/\/aszsa.com.ar\/portal\/encuestas-de-clima-laboral\/\" rel=\"attachment wp-att-1362\"><img loading=\"lazy\" decoding=\"async\" class=\"alignleft size-full wp-image-1362\" src=\"http:\/\/aszsa.com.ar\/portal\/wp-content\/uploads\/2015\/09\/botonEncuestadeclimalaboral.jpg\" alt=\"botonEncuestadeclimalaboral\" width=\"381\" height=\"196\" srcset=\"https:\/\/aszsa.com.ar\/portal\/wp-content\/uploads\/2015\/09\/botonEncuestadeclimalaboral.jpg 381w, https:\/\/aszsa.com.ar\/portal\/wp-content\/uploads\/2015\/09\/botonEncuestadeclimalaboral-300x154.jpg 300w, https:\/\/aszsa.com.ar\/portal\/wp-content\/uploads\/2015\/09\/botonEncuestadeclimalaboral-380x196.jpg 380w\" sizes=\"auto, (max-width: 381px) 100vw, 381px\" \/><\/a> <a href=\"http:\/\/aszsa.com.ar\/portal\/procesos-de-evaluacion-de-desempeno\/\" rel=\"attachment wp-att-1363\"><img loading=\"lazy\" decoding=\"async\" class=\"alignleft size-full wp-image-1363\" src=\"http:\/\/aszsa.com.ar\/portal\/wp-content\/uploads\/2015\/09\/botonprocesosdeevaluacion.jpg\" alt=\"botonprocesosdeevaluacion\" width=\"381\" height=\"196\" srcset=\"https:\/\/aszsa.com.ar\/portal\/wp-content\/uploads\/2015\/09\/botonprocesosdeevaluacion.jpg 381w, https:\/\/aszsa.com.ar\/portal\/wp-content\/uploads\/2015\/09\/botonprocesosdeevaluacion-300x154.jpg 300w, https:\/\/aszsa.com.ar\/portal\/wp-content\/uploads\/2015\/09\/botonprocesosdeevaluacion-380x196.jpg 380w\" sizes=\"auto, (max-width: 381px) 100vw, 381px\" \/><\/a> <a href=\"http:\/\/aszsa.com.ar\/portal\/pymes-exclusive-rrhh\/\" rel=\"attachment wp-att-1364\"><img loading=\"lazy\" decoding=\"async\" class=\"alignleft size-full wp-image-1364\" src=\"http:\/\/aszsa.com.ar\/portal\/wp-content\/uploads\/2015\/09\/botonPymesExclusive.jpg\" alt=\"botonPymesExclusive\" width=\"381\" height=\"196\" srcset=\"https:\/\/aszsa.com.ar\/portal\/wp-content\/uploads\/2015\/09\/botonPymesExclusive.jpg 381w, https:\/\/aszsa.com.ar\/portal\/wp-content\/uploads\/2015\/09\/botonPymesExclusive-300x154.jpg 300w, https:\/\/aszsa.com.ar\/portal\/wp-content\/uploads\/2015\/09\/botonPymesExclusive-380x196.jpg 380w\" sizes=\"auto, (max-width: 381px) 100vw, 381px\" \/><\/a> <a href=\"http:\/\/aszsa.com.ar\/portal\/que-nos-distingue-rrhh\/\" rel=\"attachment wp-att-1365\"><img loading=\"lazy\" decoding=\"async\" class=\"alignleft size-full wp-image-1365\" src=\"http:\/\/aszsa.com.ar\/portal\/wp-content\/uploads\/2015\/09\/botonquenosdisntigue.jpg\" alt=\"botonquenosdisntigue\" width=\"381\" height=\"196\" srcset=\"https:\/\/aszsa.com.ar\/portal\/wp-content\/uploads\/2015\/09\/botonquenosdisntigue.jpg 381w, https:\/\/aszsa.com.ar\/portal\/wp-content\/uploads\/2015\/09\/botonquenosdisntigue-300x154.jpg 300w, https:\/\/aszsa.com.ar\/portal\/wp-content\/uploads\/2015\/09\/botonquenosdisntigue-380x196.jpg 380w\" sizes=\"auto, (max-width: 381px) 100vw, 381px\" \/><\/a><\/p>\n","protected":false},"excerpt":{"rendered":"<p>SATISFACER SUS NECESIDADES CON UN POQUITO MAS DE VALOR De manera individual, cada uno de nuestros servicios le ofrece un poquito m\u00e1s; de manera conjunta, nuestra gama puede aumentar el valor de su producci\u00f3n. Valor agregado con cada servicio En ASZSA comprendemos la gran cantidad de desaf\u00edos que presenta el mercado y queremos ayudarlo a [&hellip;]<\/p>\n","protected":false},"author":3,"featured_media":0,"parent":0,"menu_order":0,"comment_status":"closed","ping_status":"closed","template":"","meta":{"footnotes":""},"categories":[],"tags":[],"class_list":["post-633","page","type-page","status-publish","hentry"],"_links":{"self":[{"href":"https:\/\/aszsa.com.ar\/portal\/wp-json\/wp\/v2\/pages\/633","targetHints":{"allow":["GET"]}}],"collection":[{"href":"https:\/\/aszsa.com.ar\/portal\/wp-json\/wp\/v2\/pages"}],"about":[{"href":"https:\/\/aszsa.com.ar\/portal\/wp-json\/wp\/v2\/types\/page"}],"author":[{"embeddable":true,"href":"https:\/\/aszsa.com.ar\/portal\/wp-json\/wp\/v2\/users\/3"}],"replies":[{"embeddable":true,"href":"https:\/\/aszsa.com.ar\/portal\/wp-json\/wp\/v2\/comments?post=633"}],"version-history":[{"count":8,"href":"https:\/\/aszsa.com.ar\/portal\/wp-json\/wp\/v2\/pages\/633\/revisions"}],"predecessor-version":[{"id":1367,"href":"https:\/\/aszsa.com.ar\/portal\/wp-json\/wp\/v2\/pages\/633\/revisions\/1367"}],"wp:attachment":[{"href":"https:\/\/aszsa.com.ar\/portal\/wp-json\/wp\/v2\/media?parent=633"}],"wp:term":[{"taxonomy":"category","embeddable":true,"href":"https:\/\/aszsa.com.ar\/portal\/wp-json\/wp\/v2\/categories?post=633"},{"taxonomy":"post_tag","embeddable":true,"href":"https:\/\/aszsa.com.ar\/portal\/wp-json\/wp\/v2\/tags?post=633"}],"curies":[{"name":"wp","href":"https:\/\/api.w.org\/{rel}","templated":true}]}}