{"id":647,"date":"2015-09-07T02:12:59","date_gmt":"2015-09-06T23:12:59","guid":{"rendered":"http:\/\/aszsa.com.ar\/portal\/?page_id=647"},"modified":"2015-11-02T18:52:02","modified_gmt":"2015-11-02T15:52:02","slug":"especialistas-en-el-mercado-it","status":"publish","type":"page","link":"https:\/\/aszsa.com.ar\/portal\/especialistas-en-el-mercado-it\/","title":{"rendered":"Especialistas en el Mercado IT"},"content":{"rendered":"<p><strong><a href=\"http:\/\/aszsa.com.ar\/portal\/wp-content\/uploads\/2015\/09\/3.2.5.jpg\"><img loading=\"lazy\" decoding=\"async\" class=\"alignleft size-full wp-image-1190\" src=\"http:\/\/aszsa.com.ar\/portal\/wp-content\/uploads\/2015\/09\/3.2.5.jpg\" alt=\"3.2.5\" width=\"815\" height=\"250\" srcset=\"https:\/\/aszsa.com.ar\/portal\/wp-content\/uploads\/2015\/09\/3.2.5.jpg 815w, https:\/\/aszsa.com.ar\/portal\/wp-content\/uploads\/2015\/09\/3.2.5-300x92.jpg 300w\" sizes=\"auto, (max-width: 815px) 100vw, 815px\" \/><\/a><br \/>\nExperis es l\u00edder mundial en recursos profesionales y soluciones para la fuerza laboral.<\/strong><\/p>\n<p>Aceleramos el crecimiento de las organizaciones con nuestra\u00a0 evaluaci\u00f3n y asignaci\u00f3n de expertos especializados en TIC\u00b4s, mejorando la competitividad de las organizaciones y de las personas a las que asesoramos.<\/p>\n<p>Proveemos servicios dentro del pa\u00eds a compa\u00f1\u00edas locales como tambi\u00e9n extranjeras y en cualquier parte del mundo.<\/p>\n<p>Brindamos soluciones personalizadas y a medida de cada empresa\u00a0 de manera tal de obtener resultados r\u00e1pidos y ajustados a las necesidades concretas de cada organizaci\u00f3n.<\/p>\n<p>En definitiva, somos una compa\u00f1\u00eda de provisi\u00f3n de talentos diferente. Contamos con todos los conocimientos de la industria necesarios\u00a0 para poder entender los retos que est\u00e1 afrontando su empresa y tenemos acceso a aquellos profesionales calificados que lo pueden ayudar a aprovechar las oportunidades que surgen.<\/p>\n","protected":false},"excerpt":{"rendered":"<p>Experis es l\u00edder mundial en recursos profesionales y soluciones para la fuerza laboral. Aceleramos el crecimiento de las organizaciones con nuestra\u00a0 evaluaci\u00f3n y asignaci\u00f3n de expertos especializados en TIC\u00b4s, mejorando la competitividad de las organizaciones y de las personas a las que asesoramos. Proveemos servicios dentro del pa\u00eds a compa\u00f1\u00edas locales como tambi\u00e9n extranjeras y [&hellip;]<\/p>\n","protected":false},"author":3,"featured_media":0,"parent":0,"menu_order":0,"comment_status":"closed","ping_status":"closed","template":"","meta":{"footnotes":""},"categories":[21],"tags":[],"class_list":["post-647","page","type-page","status-publish","hentry","category-servicios-de-rrhh"],"_links":{"self":[{"href":"https:\/\/aszsa.com.ar\/portal\/wp-json\/wp\/v2\/pages\/647","targetHints":{"allow":["GET"]}}],"collection":[{"href":"https:\/\/aszsa.com.ar\/portal\/wp-json\/wp\/v2\/pages"}],"about":[{"href":"https:\/\/aszsa.com.ar\/portal\/wp-json\/wp\/v2\/types\/page"}],"author":[{"embeddable":true,"href":"https:\/\/aszsa.com.ar\/portal\/wp-json\/wp\/v2\/users\/3"}],"replies":[{"embeddable":true,"href":"https:\/\/aszsa.com.ar\/portal\/wp-json\/wp\/v2\/comments?post=647"}],"version-history":[{"count":4,"href":"https:\/\/aszsa.com.ar\/portal\/wp-json\/wp\/v2\/pages\/647\/revisions"}],"predecessor-version":[{"id":1215,"href":"https:\/\/aszsa.com.ar\/portal\/wp-json\/wp\/v2\/pages\/647\/revisions\/1215"}],"wp:attachment":[{"href":"https:\/\/aszsa.com.ar\/portal\/wp-json\/wp\/v2\/media?parent=647"}],"wp:term":[{"taxonomy":"category","embeddable":true,"href":"https:\/\/aszsa.com.ar\/portal\/wp-json\/wp\/v2\/categories?post=647"},{"taxonomy":"post_tag","embeddable":true,"href":"https:\/\/aszsa.com.ar\/portal\/wp-json\/wp\/v2\/tags?post=647"}],"curies":[{"name":"wp","href":"https:\/\/api.w.org\/{rel}","templated":true}]}}