{"id":651,"date":"2015-09-07T02:13:45","date_gmt":"2015-09-06T23:13:45","guid":{"rendered":"http:\/\/aszsa.com.ar\/portal\/?page_id=651"},"modified":"2016-03-14T22:57:55","modified_gmt":"2016-03-14T19:57:55","slug":"pymes-exclusive-rrhh","status":"publish","type":"page","link":"https:\/\/aszsa.com.ar\/portal\/pymes-exclusive-rrhh\/","title":{"rendered":"PYMES Exclusive (RRHH)"},"content":{"rendered":"<h3>ESTAMOS CERCA DE USTED EN TODO MOMENTO<\/h3>\n<p><a href=\"http:\/\/aszsa.com.ar\/portal\/wp-content\/uploads\/2015\/09\/3.3.1.jpg\"><img loading=\"lazy\" decoding=\"async\" class=\"aligncenter wp-image-1193 \" src=\"http:\/\/aszsa.com.ar\/portal\/wp-content\/uploads\/2015\/09\/3.3.1.jpg\" alt=\"3.3.1\" width=\"734\" height=\"416\" srcset=\"https:\/\/aszsa.com.ar\/portal\/wp-content\/uploads\/2015\/09\/3.3.1.jpg 656w, https:\/\/aszsa.com.ar\/portal\/wp-content\/uploads\/2015\/09\/3.3.1-300x170.jpg 300w\" sizes=\"auto, (max-width: 734px) 100vw, 734px\" \/><\/a><\/p>\n<p>Si se siente identificado con algunas de las frases indicadas por nuestros clientes, tenemos un servicio acorde a las necesidades de su empresa PyME.<\/p>\n<p><b><i>\u201cNuestros servicios para <\/i><\/b><b><i>PyMEs<\/i><\/b><b><i>, son dirigidos por especialistas que se abocan de manera exclusiva con el objetivo de brindar un servicio espec\u00edfico y adaptado a las necesidades particulares del sector, tanto en las metodolog\u00edas de trabajo como en los costos del servicio.\u201d<\/i><\/b><\/p>\n<p><a href=\"http:\/\/aszsa.com.ar\/portal\/wp-content\/uploads\/2015\/05\/beneficiospyme.jpg\"><img loading=\"lazy\" decoding=\"async\" class=\"size-full wp-image-458 aligncenter\" src=\"http:\/\/aszsa.com.ar\/portal\/wp-content\/uploads\/2015\/05\/beneficiospyme.jpg\" alt=\"beneficiospyme\" width=\"573\" height=\"393\" srcset=\"https:\/\/aszsa.com.ar\/portal\/wp-content\/uploads\/2015\/05\/beneficiospyme.jpg 573w, https:\/\/aszsa.com.ar\/portal\/wp-content\/uploads\/2015\/05\/beneficiospyme-300x206.jpg 300w\" sizes=\"auto, (max-width: 573px) 100vw, 573px\" \/><\/a><\/p>\n<p>El equipo de\u00a0ASZSA PyMES Exclusive, mediante un contacto personalizado y directo, logra detectar la ra\u00edz de sus problem\u00e1ticas con el fin de brindarle la soluci\u00f3n indicada. A\u00f1os de experiencia acompa\u00f1ando a las PyMES Argentinas dan muestra de que nuestro servicio diferencial responde y se adapta a las problem\u00e1ticas espec\u00edficas del sector.<\/p>\n<h4><u>Nuestra pol\u00edtica se basa en la siguiente premisa<\/u>:<\/h4>\n<p>Analizar la problem\u00e1tica y brindar un asesoramiento a medida, lo que permite asegurar una exitosa gesti\u00f3n.<\/p>\n<p>Consideramos de vital importancia establecer un v\u00ednculo estrecho con nuestros clientes, logrando as\u00ed convertirnos en el socio estrat\u00e9gico que su negocio necesita.<\/p>\n<h3>CARACTER\u00cdSTICAS DEL SERVICIO<\/h3>\n<ul>\n<li><b>\u00a0SELECCI\u00d3N\u00a0DE PERSONAL:<\/b>\n<ul>\n<li><i>Entrevistas por competencias\u00a0<\/i><i>Assesment<\/i><i> center\u00a0<\/i><i>Entrevistas grupales. Etc<\/i><\/li>\n<\/ul>\n<\/li>\n<li><b>CAPACITACIONES<\/b><\/li>\n<li><b>MYSTERY SHOPPER<\/b><\/li>\n<li><b>EXAMENES DE INGRESO:<\/b>\n<ul>\n<li>Ex\u00e1menes Pre-ocupacionales<\/li>\n<li>Psicot\u00e9cnicos<\/li>\n<li>Socio ambientales<\/li>\n<li>Grafol\u00f3gicos<\/li>\n<\/ul>\n<\/li>\n<li><b>EVALUACIONES Y MEDICIONES:<\/b>\n<ul>\n<li>An\u00e1lisis y descripci\u00f3n de puesto<\/li>\n<li>Confecci\u00f3n o redise\u00f1o de organigramas empresariales<\/li>\n<li>Dise\u00f1o o redise\u00f1o de estructuras salariales<\/li>\n<li>Encuesta de clima laboral<\/li>\n<li>Evaluaci\u00f3n de desempe\u00f1o<\/li>\n<\/ul>\n<\/li>\n<\/ul>\n<hr \/>\n<p>&nbsp;<\/p>\n<p><a href=\"http:\/\/aszsa.com.ar\/portal\/wp-content\/uploads\/2015\/09\/3.3.3.jpg\"><img loading=\"lazy\" decoding=\"async\" class=\"wp-image-1195 alignright\" src=\"http:\/\/aszsa.com.ar\/portal\/wp-content\/uploads\/2015\/09\/3.3.3.jpg\" alt=\"3.3.3\" width=\"267\" height=\"234\" \/><\/a><\/p>\n<p><b>ABONOS PYME<\/b><\/p>\n<p>ASZSA PyMES Exclusive, cre\u00f3 innovadores paquetes de servicios a la medida de cada empresa, mediante los cuales y, a trav\u00e9s de un econ\u00f3mico abono mensual, su empresa tiene la tranquilidad de estar siempre asesorada en materia de Recursos Humanos.<\/p>\n<p>Su abono, permite acceder a toda nuestra gama de servicios, con aranceles preferenciales que contemplan importantes bonificaciones. Lo asesoramos en la elecci\u00f3n del abono apropiado para su empresa. Los mismos le permiten disminuir los costos del \u00e1rea en cuesti\u00f3n.<\/p>\n<p>Consulte por el abono que mejor se adapte a sus necesidades.<\/p>\n","protected":false},"excerpt":{"rendered":"<p>ESTAMOS CERCA DE USTED EN TODO MOMENTO Si se siente identificado con algunas de las frases indicadas por nuestros clientes, tenemos un servicio acorde a las necesidades de su empresa PyME. \u201cNuestros servicios para PyMEs, son dirigidos por especialistas que se abocan de manera exclusiva con el objetivo de brindar un servicio espec\u00edfico y adaptado [&hellip;]<\/p>\n","protected":false},"author":3,"featured_media":0,"parent":0,"menu_order":0,"comment_status":"closed","ping_status":"closed","template":"","meta":{"footnotes":""},"categories":[],"tags":[],"class_list":["post-651","page","type-page","status-publish","hentry"],"_links":{"self":[{"href":"https:\/\/aszsa.com.ar\/portal\/wp-json\/wp\/v2\/pages\/651","targetHints":{"allow":["GET"]}}],"collection":[{"href":"https:\/\/aszsa.com.ar\/portal\/wp-json\/wp\/v2\/pages"}],"about":[{"href":"https:\/\/aszsa.com.ar\/portal\/wp-json\/wp\/v2\/types\/page"}],"author":[{"embeddable":true,"href":"https:\/\/aszsa.com.ar\/portal\/wp-json\/wp\/v2\/users\/3"}],"replies":[{"embeddable":true,"href":"https:\/\/aszsa.com.ar\/portal\/wp-json\/wp\/v2\/comments?post=651"}],"version-history":[{"count":8,"href":"https:\/\/aszsa.com.ar\/portal\/wp-json\/wp\/v2\/pages\/651\/revisions"}],"predecessor-version":[{"id":1394,"href":"https:\/\/aszsa.com.ar\/portal\/wp-json\/wp\/v2\/pages\/651\/revisions\/1394"}],"wp:attachment":[{"href":"https:\/\/aszsa.com.ar\/portal\/wp-json\/wp\/v2\/media?parent=651"}],"wp:term":[{"taxonomy":"category","embeddable":true,"href":"https:\/\/aszsa.com.ar\/portal\/wp-json\/wp\/v2\/categories?post=651"},{"taxonomy":"post_tag","embeddable":true,"href":"https:\/\/aszsa.com.ar\/portal\/wp-json\/wp\/v2\/tags?post=651"}],"curies":[{"name":"wp","href":"https:\/\/api.w.org\/{rel}","templated":true}]}}