{"id":667,"date":"2015-09-07T02:16:41","date_gmt":"2015-09-06T23:16:41","guid":{"rendered":"http:\/\/aszsa.com.ar\/portal\/?page_id=667"},"modified":"2015-11-02T21:30:55","modified_gmt":"2015-11-02T18:30:55","slug":"empresas","status":"publish","type":"page","link":"https:\/\/aszsa.com.ar\/portal\/empresas\/","title":{"rendered":"Empresas"},"content":{"rendered":"<p><img loading=\"lazy\" decoding=\"async\" class=\"size-full wp-image-1232 aligncenter\" src=\"http:\/\/aszsa.com.ar\/portal\/wp-content\/uploads\/2015\/09\/4.3.1.jpg\" alt=\"4.3.1\" width=\"815\" height=\"249\" srcset=\"https:\/\/aszsa.com.ar\/portal\/wp-content\/uploads\/2015\/09\/4.3.1.jpg 815w, https:\/\/aszsa.com.ar\/portal\/wp-content\/uploads\/2015\/09\/4.3.1-300x92.jpg 300w\" sizes=\"auto, (max-width: 815px) 100vw, 815px\" \/><\/p>\n<ul>\n<li>Relevamientos de condiciones de higiene y seguridad en el trabajo.<\/li>\n<li>Auditorias de cumplimiento de la legislaci\u00f3n vigente Ley 19587, Dec. 351\/79, Dec. 1338\/96, Dec. 617\/97, Res. 559\/09, Res. 529\/09,Res. 463\/09.<\/li>\n<li>Creaci\u00f3n de Mapas de Riesgo<\/li>\n<li>Dise\u00f1o de planes de acci\u00f3n.<\/li>\n<li>Confecci\u00f3n de procedimientos e instructivos de trabajo.<\/li>\n<li>Determinaci\u00f3n de los EPP necesarios para cada tarea<\/li>\n<li>Capacitaciones dise\u00f1adas de acuerdo a la necesidad del cliente.<\/li>\n<li>Investigaciones de accidentes \/ enfermedades profesionales<\/li>\n<li>Auditorias focalizadas en la prevenci\u00f3n de riesgos (Actitudes inseguras).<\/li>\n<li>Confecci\u00f3n y seguimiento del cumplimiento de los programas PAPE<\/li>\n<li>Dise\u00f1o e implementaci\u00f3n de planes de emergencia y evacuaci\u00f3n<\/li>\n<li>Se\u00f1alizaci\u00f3n de seguridad industrial:\u00a0Carteleria de normas de seguridad, dise\u00f1os de caminos internos personas-veh\u00edculos.<\/li>\n<li>Simulacros de evacuaci\u00f3n.<\/li>\n<li>Estudios de Carga de Fuego .<\/li>\n<li>Estudios de luxometr\u00eda y mediciones de puesta a tierra.<\/li>\n<li>Estudios de nivel sonoro y carga t\u00e9rmica<\/li>\n<li>Estad\u00edsticas de siniestralidad<\/li>\n<li>Confecci\u00f3n de programas de seguridad seg\u00fan corresponda: Decreto 911\/96 Resoluci\u00f3n 319\/99<\/li>\n<li>Representaci\u00f3n t\u00e9cnica ante ART y organismos p\u00fablicos.<\/li>\n<\/ul>\n","protected":false},"excerpt":{"rendered":"<p>Relevamientos de condiciones de higiene y seguridad en el trabajo. Auditorias de cumplimiento de la legislaci\u00f3n vigente Ley 19587, Dec. 351\/79, Dec. 1338\/96, Dec. 617\/97, Res. 559\/09, Res. 529\/09,Res. 463\/09. Creaci\u00f3n de Mapas de Riesgo Dise\u00f1o de planes de acci\u00f3n. Confecci\u00f3n de procedimientos e instructivos de trabajo. Determinaci\u00f3n de los EPP necesarios para cada tarea [&hellip;]<\/p>\n","protected":false},"author":3,"featured_media":0,"parent":0,"menu_order":0,"comment_status":"closed","ping_status":"closed","template":"","meta":{"footnotes":""},"categories":[22],"tags":[],"class_list":["post-667","page","type-page","status-publish","hentry","category-servicios-de-hsma"],"_links":{"self":[{"href":"https:\/\/aszsa.com.ar\/portal\/wp-json\/wp\/v2\/pages\/667","targetHints":{"allow":["GET"]}}],"collection":[{"href":"https:\/\/aszsa.com.ar\/portal\/wp-json\/wp\/v2\/pages"}],"about":[{"href":"https:\/\/aszsa.com.ar\/portal\/wp-json\/wp\/v2\/types\/page"}],"author":[{"embeddable":true,"href":"https:\/\/aszsa.com.ar\/portal\/wp-json\/wp\/v2\/users\/3"}],"replies":[{"embeddable":true,"href":"https:\/\/aszsa.com.ar\/portal\/wp-json\/wp\/v2\/comments?post=667"}],"version-history":[{"count":4,"href":"https:\/\/aszsa.com.ar\/portal\/wp-json\/wp\/v2\/pages\/667\/revisions"}],"predecessor-version":[{"id":1244,"href":"https:\/\/aszsa.com.ar\/portal\/wp-json\/wp\/v2\/pages\/667\/revisions\/1244"}],"wp:attachment":[{"href":"https:\/\/aszsa.com.ar\/portal\/wp-json\/wp\/v2\/media?parent=667"}],"wp:term":[{"taxonomy":"category","embeddable":true,"href":"https:\/\/aszsa.com.ar\/portal\/wp-json\/wp\/v2\/categories?post=667"},{"taxonomy":"post_tag","embeddable":true,"href":"https:\/\/aszsa.com.ar\/portal\/wp-json\/wp\/v2\/tags?post=667"}],"curies":[{"name":"wp","href":"https:\/\/api.w.org\/{rel}","templated":true}]}}