{"id":677,"date":"2015-09-07T02:18:24","date_gmt":"2015-09-06T23:18:24","guid":{"rendered":"http:\/\/aszsa.com.ar\/portal\/?page_id=677"},"modified":"2016-03-14T22:34:56","modified_gmt":"2016-03-14T19:34:56","slug":"gestion-ambiental-interna","status":"publish","type":"page","link":"https:\/\/aszsa.com.ar\/portal\/gestion-ambiental-interna\/","title":{"rendered":"Gesti\u00f3n Ambiental Interna"},"content":{"rendered":"<h3><a href=\"http:\/\/aszsa.com.ar\/portal\/wp-content\/uploads\/2015\/09\/4.6.1.jpg\"><img loading=\"lazy\" decoding=\"async\" class=\"alignleft size-full wp-image-1238\" src=\"http:\/\/aszsa.com.ar\/portal\/wp-content\/uploads\/2015\/09\/4.6.1.jpg\" alt=\"4.6.1\" width=\"815\" height=\"250\" srcset=\"https:\/\/aszsa.com.ar\/portal\/wp-content\/uploads\/2015\/09\/4.6.1.jpg 815w, https:\/\/aszsa.com.ar\/portal\/wp-content\/uploads\/2015\/09\/4.6.1-300x92.jpg 300w\" sizes=\"auto, (max-width: 815px) 100vw, 815px\" \/><\/a><\/h3>\n<h3>PROTEGER EL MEDIO AMBIENTE ES PROTEGER NUESTRO FUTURO<\/h3>\n<p><b>Tramites y Servicios Ambientales Espec\u00edficos:<\/b><\/p>\n<p><b>Resoluci\u00f3n de inspecciones:<\/b>\u00a0Agencia de Protecci\u00f3n Ambiental (APRA), Organismo Provincial para el Desarrollo Sostenible (OPDS), Autoridad de la cuenca Matanza Riachuelo (ACUMAR), Secretaria de Ambiente y Desarrollo Sustentable (SayDS), Municipales, Autoridad del Agua (ADA), etc.<\/p>\n<p><b>Mediciones:<\/b>\u00a0An\u00e1lisis de efluentes l\u00edquidos, efluentes gaseosos y ruido ambiental (impacto ac\u00fastico).<\/p>\n<p><b>Estudios:<\/b>\u00a0Evaluaci\u00f3n de impacto ambiental (EIA) Manual de Gesti\u00f3n Ambiental, Reporte de Sustentabilidad y Responsabilidad Social. Estudio de impacto ambiental. Suelos, aguas, aire.<\/p>\n<p><b>Residuos peligrosos:<\/b>\u00a0Inscripci\u00f3n como generador\/transportista de residuos peligrosos (OPDS, APrA, SayDS \u2013 Naci\u00f3n\/Provincia\/CABA). Plan de Gesti\u00f3n. Transporte, tratamiento y disposici\u00f3n final.<\/p>\n<p><b>Residuos Urbanos o Domiciliarios:<\/b>\u00a0Inscripci\u00f3n como grandes generadores (Ley 1854) Transporte y tratamiento.<\/p>\n<p><b>Certificado de Aptitud Ambiental:<\/b>\u00a0CAA, radicaci\u00f3n de industria, categorizaci\u00f3n industrial.<\/p>\n<p><b>OPDS\u00a0<\/b>(provincia): Efluentes gaseosos (Obtenci\u00f3n del permiso de descarga y renovaci\u00f3n para establecimientos industriales y no industriales). Industrias (Factibilidad de radicaci\u00f3n, categorizaci\u00f3n y recategorizaci\u00f3n, y Certificado de Aptitud Ambiental). Residuos especiales y patog\u00e9nicos (Inscripci\u00f3n de generadores, transportistas y declaraci\u00f3n jurada anual). Residuos industriales (Inscripci\u00f3n transportistas, renovaci\u00f3n e incorporaci\u00f3n de veh\u00edculos). Parques industriales (Certificado de Aptitud Ambiental).<\/p>\n<p><b>APRA<\/b>\u00a0(ciudad de buenos aires): Evaluaci\u00f3n de Impacto Ambiental (Certificado de Aptitud Ambiental), Ruido (Inscripci\u00f3n en el Registro de Actividades Catalogadas como potencialmente\u00a0 contaminantes por ruido y vibraciones \u2013 RAC-). Residuos peligrosos y patog\u00e9nicos (Inscripci\u00f3n de Generadores, Operadores y Transportistas, Certificado de Gesti\u00f3n de Residuos Peligrosos \u2013 C.G.R.P.). Aire (Registro de Generadores de Contaminantes Atmosf\u00e9ricos provenientes de Fuentes Fijas \u2013 REF-).<\/p>\n<p><b>SAyDS<\/b><b>\u00a0<\/b>(naci\u00f3n): Efluentes l\u00edquidos (Declaraci\u00f3n jurada anual y visado de documentaci\u00f3n t\u00e9cnica y calidad de vertido). Residuos peligrosos (Inscripci\u00f3n como generador, operador o transportista, liquidaci\u00f3n de la tasa ambiental anual (DDJJ), renovaci\u00f3n del Certificado Ambiental Anual). Nivel de Complejidad Ambiental.<\/p>\n","protected":false},"excerpt":{"rendered":"<p>PROTEGER EL MEDIO AMBIENTE ES PROTEGER NUESTRO FUTURO Tramites y Servicios Ambientales Espec\u00edficos: Resoluci\u00f3n de inspecciones:\u00a0Agencia de Protecci\u00f3n Ambiental (APRA), Organismo Provincial para el Desarrollo Sostenible (OPDS), Autoridad de la cuenca Matanza Riachuelo (ACUMAR), Secretaria de Ambiente y Desarrollo Sustentable (SayDS), Municipales, Autoridad del Agua (ADA), etc. Mediciones:\u00a0An\u00e1lisis de efluentes l\u00edquidos, efluentes gaseosos y ruido [&hellip;]<\/p>\n","protected":false},"author":3,"featured_media":0,"parent":0,"menu_order":0,"comment_status":"closed","ping_status":"closed","template":"","meta":{"footnotes":""},"categories":[22],"tags":[],"class_list":["post-677","page","type-page","status-publish","hentry","category-servicios-de-hsma"],"_links":{"self":[{"href":"https:\/\/aszsa.com.ar\/portal\/wp-json\/wp\/v2\/pages\/677","targetHints":{"allow":["GET"]}}],"collection":[{"href":"https:\/\/aszsa.com.ar\/portal\/wp-json\/wp\/v2\/pages"}],"about":[{"href":"https:\/\/aszsa.com.ar\/portal\/wp-json\/wp\/v2\/types\/page"}],"author":[{"embeddable":true,"href":"https:\/\/aszsa.com.ar\/portal\/wp-json\/wp\/v2\/users\/3"}],"replies":[{"embeddable":true,"href":"https:\/\/aszsa.com.ar\/portal\/wp-json\/wp\/v2\/comments?post=677"}],"version-history":[{"count":5,"href":"https:\/\/aszsa.com.ar\/portal\/wp-json\/wp\/v2\/pages\/677\/revisions"}],"predecessor-version":[{"id":1387,"href":"https:\/\/aszsa.com.ar\/portal\/wp-json\/wp\/v2\/pages\/677\/revisions\/1387"}],"wp:attachment":[{"href":"https:\/\/aszsa.com.ar\/portal\/wp-json\/wp\/v2\/media?parent=677"}],"wp:term":[{"taxonomy":"category","embeddable":true,"href":"https:\/\/aszsa.com.ar\/portal\/wp-json\/wp\/v2\/categories?post=677"},{"taxonomy":"post_tag","embeddable":true,"href":"https:\/\/aszsa.com.ar\/portal\/wp-json\/wp\/v2\/tags?post=677"}],"curies":[{"name":"wp","href":"https:\/\/api.w.org\/{rel}","templated":true}]}}