{"id":746,"date":"2015-09-07T17:04:59","date_gmt":"2015-09-07T14:04:59","guid":{"rendered":"http:\/\/aszsa.com.ar\/portal\/?page_id=746"},"modified":"2016-01-12T22:40:33","modified_gmt":"2016-01-12T19:40:33","slug":"auditoria-de-competencias-rrhh","status":"publish","type":"page","link":"https:\/\/aszsa.com.ar\/portal\/auditoria-de-competencias-rrhh\/","title":{"rendered":"Auditoria de Competencias RRHH"},"content":{"rendered":"<h3><a href=\"http:\/\/aszsa.com.ar\/portal\/wp-content\/uploads\/2015\/09\/3.4.2.jpg\"><img loading=\"lazy\" decoding=\"async\" class=\"alignleft size-full wp-image-1198\" src=\"http:\/\/aszsa.com.ar\/portal\/wp-content\/uploads\/2015\/09\/3.4.2.jpg\" alt=\"3.4.2\" width=\"815\" height=\"249\" srcset=\"https:\/\/aszsa.com.ar\/portal\/wp-content\/uploads\/2015\/09\/3.4.2.jpg 815w, https:\/\/aszsa.com.ar\/portal\/wp-content\/uploads\/2015\/09\/3.4.2-300x92.jpg 300w\" sizes=\"auto, (max-width: 815px) 100vw, 815px\" \/><\/a><br \/>\nEVALUACION DE HABILIDADES PARA UNA CAPACIDAD DE TRABAJO OPTIMA<\/h3>\n<p>Por medio de nuestras auditor\u00edas de competencias, podemos brindarle un panorama claro y oportuno de los conocimientos, habilidades y competencias de sus empleados, a trav\u00e9s de la identificaci\u00f3n de las \u00e1reas en las cuales su personal puede beneficiarse con entrenamiento espec\u00edfico.<\/p>\n<h4>C\u00f3mo funciona<\/h4>\n<p><b>Fase 1:<\/b>\u00a0usted nos suministra un perfil laboral por cada empleado.\u00a0Los trabajadores responden a un cuestionario acerca de las operaciones en la l\u00ednea y se los eval\u00faa de manera pr\u00e1ctica mientras operan la maquinaria.\u00a0Los expertos de ASZSA los supervisan y los asisten en su trabajo, y los eval\u00faan tanto a nivel te\u00f3rico como pr\u00e1ctico.<\/p>\n<p><b>Fase 2<\/b>: elaboramos un informe integral sobre el desempe\u00f1o de cada empleado y recomendamos sesiones personalizadas de capacitaci\u00f3n que se realizan en la planta o en uno de nuestros centros de capacitaci\u00f3n.<\/p>\n<p><b>Fase 3:<\/b>\u00a0varias semanas despu\u00e9s del entrenamiento personalizado, realizamos una evaluaci\u00f3n de seguimiento para asegurarnos de que cada empleado y el equipo en su totalidad hayan llegado a sus objetivos predeterminados.<\/p>\n<p>Muchos de nuestros clientes ya han probado este servicio con un gran \u00e9xito.<\/p>\n<p>&nbsp;<\/p>\n","protected":false},"excerpt":{"rendered":"<p>EVALUACION DE HABILIDADES PARA UNA CAPACIDAD DE TRABAJO OPTIMA Por medio de nuestras auditor\u00edas de competencias, podemos brindarle un panorama claro y oportuno de los conocimientos, habilidades y competencias de sus empleados, a trav\u00e9s de la identificaci\u00f3n de las \u00e1reas en las cuales su personal puede beneficiarse con entrenamiento espec\u00edfico. C\u00f3mo funciona Fase 1:\u00a0usted nos [&hellip;]<\/p>\n","protected":false},"author":3,"featured_media":0,"parent":0,"menu_order":0,"comment_status":"closed","ping_status":"closed","template":"","meta":{"footnotes":""},"categories":[21],"tags":[],"class_list":["post-746","page","type-page","status-publish","hentry","category-servicios-de-rrhh"],"_links":{"self":[{"href":"https:\/\/aszsa.com.ar\/portal\/wp-json\/wp\/v2\/pages\/746","targetHints":{"allow":["GET"]}}],"collection":[{"href":"https:\/\/aszsa.com.ar\/portal\/wp-json\/wp\/v2\/pages"}],"about":[{"href":"https:\/\/aszsa.com.ar\/portal\/wp-json\/wp\/v2\/types\/page"}],"author":[{"embeddable":true,"href":"https:\/\/aszsa.com.ar\/portal\/wp-json\/wp\/v2\/users\/3"}],"replies":[{"embeddable":true,"href":"https:\/\/aszsa.com.ar\/portal\/wp-json\/wp\/v2\/comments?post=746"}],"version-history":[{"count":5,"href":"https:\/\/aszsa.com.ar\/portal\/wp-json\/wp\/v2\/pages\/746\/revisions"}],"predecessor-version":[{"id":1224,"href":"https:\/\/aszsa.com.ar\/portal\/wp-json\/wp\/v2\/pages\/746\/revisions\/1224"}],"wp:attachment":[{"href":"https:\/\/aszsa.com.ar\/portal\/wp-json\/wp\/v2\/media?parent=746"}],"wp:term":[{"taxonomy":"category","embeddable":true,"href":"https:\/\/aszsa.com.ar\/portal\/wp-json\/wp\/v2\/categories?post=746"},{"taxonomy":"post_tag","embeddable":true,"href":"https:\/\/aszsa.com.ar\/portal\/wp-json\/wp\/v2\/tags?post=746"}],"curies":[{"name":"wp","href":"https:\/\/api.w.org\/{rel}","templated":true}]}}